[INFO] cloning repository https://github.com/jonlamb-gh/night-light
[INFO] running `Command { std: "git" "-c" "credential.helper=" "-c" "credential.helper=/workspace/cargo-home/bin/git-credential-null" "clone" "--bare" "https://github.com/jonlamb-gh/night-light" "/workspace/cache/git-repos/https%3A%2F%2Fgithub.com%2Fjonlamb-gh%2Fnight-light", kill_on_drop: false }`
[INFO] [stderr] Cloning into bare repository '/workspace/cache/git-repos/https%3A%2F%2Fgithub.com%2Fjonlamb-gh%2Fnight-light'...
[INFO] running `Command { std: "git" "rev-parse" "HEAD", kill_on_drop: false }`
[INFO] [stdout] fa75df725bb66644efa67bff3cad0602d6ac4175
[INFO] building jonlamb-gh/night-light against master#881c1ac408d93bb7adaa3a51dabab9266e82eee8 for issue-85264
[INFO] running `Command { std: "git" "clone" "/workspace/cache/git-repos/https%3A%2F%2Fgithub.com%2Fjonlamb-gh%2Fnight-light" "/workspace/builds/worker-3/source", kill_on_drop: false }`
[INFO] [stderr] Cloning into '/workspace/builds/worker-3/source'...
[INFO] [stderr] done.
[INFO] validating manifest of git repo https://github.com/jonlamb-gh/night-light on toolchain 881c1ac408d93bb7adaa3a51dabab9266e82eee8
[INFO] running `Command { std: "/workspace/cargo-home/bin/cargo" "+881c1ac408d93bb7adaa3a51dabab9266e82eee8" "metadata" "--manifest-path" "Cargo.toml" "--no-deps", kill_on_drop: false }`
[INFO] removed /workspace/builds/worker-3/source/.cargo/config
[INFO] removed /workspace/builds/worker-3/source/rust-toolchain
[INFO] started tweaking git repo https://github.com/jonlamb-gh/night-light
[INFO] finished tweaking git repo https://github.com/jonlamb-gh/night-light
[INFO] tweaked toml for git repo https://github.com/jonlamb-gh/night-light written to /workspace/builds/worker-3/source/Cargo.toml
[INFO] crate git repo https://github.com/jonlamb-gh/night-light already has a lockfile, it will not be regenerated
[INFO] running `Command { std: "/workspace/cargo-home/bin/cargo" "+881c1ac408d93bb7adaa3a51dabab9266e82eee8" "fetch" "--manifest-path" "Cargo.toml", kill_on_drop: false }`
[INFO] [stderr]  Downloading crates ...
[INFO] [stderr]   Downloaded bytemuck v1.5.0
[INFO] [stderr]   Downloaded infrared v0.10.0
[INFO] [stderr]   Downloaded cortex-m v0.7.1
[INFO] [stderr]   Downloaded colorous v1.0.3
[INFO] [stderr]   Downloaded embedded-dma v0.1.2
[INFO] [stderr]   Downloaded stm32-usbd v0.5.1
[INFO] [stderr]   Downloaded heapless v0.6.0
[INFO] [stderr]   Downloaded cortex-m v0.6.7
[INFO] [stderr]   Downloaded stm32f3xx-hal v0.6.1
[INFO] [stderr]   Downloaded rtcc v0.2.0
[INFO] [stderr]   Downloaded usb-device v0.2.7
[INFO] [stderr]   Downloaded stm32f3 v0.12.1
[INFO] [stderr]   Downloaded smlang-macros v0.1.11
[INFO] [stderr]   Downloaded smlang v0.3.5
[INFO] [stderr]   Downloaded ws2812-spi v0.4.0
[INFO] running `Command { std: "docker" "create" "-v" "/var/lib/crater-agent-workspace/builds/worker-3/target:/opt/rustwide/target:rw,Z" "-v" "/var/lib/crater-agent-workspace/builds/worker-3/source:/opt/rustwide/workdir:ro,Z" "-v" "/var/lib/crater-agent-workspace/cargo-home:/opt/rustwide/cargo-home:ro,Z" "-v" "/var/lib/crater-agent-workspace/rustup-home:/opt/rustwide/rustup-home:ro,Z" "-e" "SOURCE_DIR=/opt/rustwide/workdir" "-e" "CARGO_TARGET_DIR=/opt/rustwide/target" "-e" "CARGO_HOME=/opt/rustwide/cargo-home" "-e" "RUSTUP_HOME=/opt/rustwide/rustup-home" "-w" "/opt/rustwide/workdir" "-m" "1610612736" "--user" "0:0" "--network" "none" "ghcr.io/rust-lang/crates-build-env/linux@sha256:20528e8c29e4536546f0102ce88568b16ea7538393a33fcca951030f7af10457" "/opt/rustwide/cargo-home/bin/cargo" "+881c1ac408d93bb7adaa3a51dabab9266e82eee8" "metadata" "--no-deps" "--format-version=1", kill_on_drop: false }`
[INFO] [stdout] 531cea26fe237b773ef9252ac6a7efbe155cf34d1eea4e70354e3f7ea1f5f6df
[INFO] [stderr] WARNING: Your kernel does not support swap limit capabilities or the cgroup is not mounted. Memory limited without swap.
[INFO] running `Command { std: "docker" "start" "-a" "531cea26fe237b773ef9252ac6a7efbe155cf34d1eea4e70354e3f7ea1f5f6df", kill_on_drop: false }`
[INFO] running `Command { std: "docker" "inspect" "531cea26fe237b773ef9252ac6a7efbe155cf34d1eea4e70354e3f7ea1f5f6df", kill_on_drop: false }`
[INFO] running `Command { std: "docker" "rm" "-f" "531cea26fe237b773ef9252ac6a7efbe155cf34d1eea4e70354e3f7ea1f5f6df", kill_on_drop: false }`
[INFO] [stdout] 531cea26fe237b773ef9252ac6a7efbe155cf34d1eea4e70354e3f7ea1f5f6df
[INFO] running `Command { std: "docker" "create" "-v" "/var/lib/crater-agent-workspace/builds/worker-3/target:/opt/rustwide/target:rw,Z" "-v" "/var/lib/crater-agent-workspace/builds/worker-3/source:/opt/rustwide/workdir:ro,Z" "-v" "/var/lib/crater-agent-workspace/cargo-home:/opt/rustwide/cargo-home:ro,Z" "-v" "/var/lib/crater-agent-workspace/rustup-home:/opt/rustwide/rustup-home:ro,Z" "-e" "SOURCE_DIR=/opt/rustwide/workdir" "-e" "CARGO_TARGET_DIR=/opt/rustwide/target" "-e" "CARGO_INCREMENTAL=0" "-e" "RUST_BACKTRACE=full" "-e" "RUSTFLAGS=--cap-lints=forbid" "-e" "CARGO_HOME=/opt/rustwide/cargo-home" "-e" "RUSTUP_HOME=/opt/rustwide/rustup-home" "-w" "/opt/rustwide/workdir" "-m" "1610612736" "--user" "0:0" "--network" "none" "ghcr.io/rust-lang/crates-build-env/linux@sha256:20528e8c29e4536546f0102ce88568b16ea7538393a33fcca951030f7af10457" "/opt/rustwide/cargo-home/bin/cargo" "+881c1ac408d93bb7adaa3a51dabab9266e82eee8" "build" "--frozen" "--message-format=json", kill_on_drop: false }`
[INFO] [stdout] 389f5caf5d0481016a82d718463086368fbd319ac2a85c30f4fe2c0bbc4f85ab
[INFO] [stderr] WARNING: Your kernel does not support swap limit capabilities or the cgroup is not mounted. Memory limited without swap.
[INFO] running `Command { std: "docker" "start" "-a" "389f5caf5d0481016a82d718463086368fbd319ac2a85c30f4fe2c0bbc4f85ab", kill_on_drop: false }`
[INFO] [stderr]    Compiling proc-macro2 v1.0.24
[INFO] [stderr]    Compiling version_check v0.9.2
[INFO] [stderr]    Compiling autocfg v1.0.1
[INFO] [stderr]    Compiling syn v1.0.60
[INFO] [stderr]    Compiling cortex-m v0.7.1
[INFO] [stderr]    Compiling vcell v0.1.3
[INFO] [stderr]    Compiling cortex-m v0.6.7
[INFO] [stderr]    Compiling bytemuck v1.5.0
[INFO] [stderr]    Compiling stm32f3 v0.12.1
[INFO] [stderr]    Compiling stm32-usbd v0.5.1
[INFO] [stderr]    Compiling log v0.4.14
[INFO] [stderr]    Compiling heapless v0.6.0
[INFO] [stderr]    Compiling usb-device v0.2.7
[INFO] [stderr]    Compiling byteorder v1.4.2
[INFO] [stderr]    Compiling panic-abort v0.3.2
[INFO] [stderr]    Compiling colorous v1.0.3
[INFO] [stderr]    Compiling oorandom v11.1.3
[INFO] [stderr]    Compiling embedded-dma v0.1.2
[INFO] [stderr]    Compiling volatile-register v0.2.0
[INFO] [stderr]    Compiling embedded-hal v0.2.4
[INFO] [stderr]    Compiling hash32 v0.1.1
[INFO] [stderr]    Compiling rgb v0.8.25
[INFO] [stderr]    Compiling bare-metal v0.2.5
[INFO] [stderr]    Compiling infrared v0.10.0
[INFO] [stderr]    Compiling num-traits v0.2.14
[INFO] [stderr]    Compiling num-integer v0.1.44
[INFO] [stderr]    Compiling generic-array v0.14.4
[INFO] [stderr]    Compiling smart-leds-trait v0.2.1
[INFO] [stderr]    Compiling ws2812-spi v0.4.0
[INFO] [stderr]    Compiling smart-leds v0.3.0
[INFO] [stderr]    Compiling quote v1.0.8
[INFO] [stderr]    Compiling as-slice v0.1.4
[INFO] [stderr]    Compiling aligned v0.3.4
[INFO] [stderr]    Compiling chrono v0.4.19
[INFO] [stderr]    Compiling rtcc v0.2.0
[INFO] [stderr]    Compiling cortex-m-rt-macros v0.1.8
[INFO] [stderr]    Compiling smlang-macros v0.1.11
[INFO] [stderr]    Compiling cortex-m-rt v0.6.13
[INFO] [stderr]    Compiling smlang v0.3.5
[INFO] [stderr]    Compiling stm32f3xx-hal v0.6.1
[INFO] [stderr]    Compiling night-light v0.1.0 (/opt/rustwide/workdir)
[INFO] [stdout] error: proc macro panicked
[INFO] [stdout]    --> src/controller.rs:120:5
[INFO] [stdout]     |
[INFO] [stdout] 120 | /     statemachine! {
[INFO] [stdout] 121 | |         *Reset + Init / init_action = Off,
[INFO] [stdout] 122 | |
[INFO] [stdout] 123 | |         Off(OffStateData) + AutoOn / off_to_auto_on_action = On,
[INFO] [stdout] ...   |
[INFO] [stdout] 139 | |         On(OnStateData) + Flash / on_to_flash_on_action = On,
[INFO] [stdout] 140 | |     }
[INFO] [stdout]     | |_____^
[INFO] [stdout]     |
[INFO] [stdout]     = help: message: Failed to execute 'dot'. Are you sure graphviz is installed?: Os { code: 2, kind: NotFound, message: "No such file or directory" }
[INFO] [stdout] 
[INFO] [stdout] 
[INFO] [stdout] error[E0432]: unresolved imports `private::Events`, `private::StateMachine`
[INFO] [stdout]  --> src/controller.rs:5:24
[INFO] [stdout]   |
[INFO] [stdout] 5 | use private::{Context, Events, StateMachine};
[INFO] [stdout]   |                        ^^^^^^  ^^^^^^^^^^^^
[INFO] [stdout]   |                        |       |
[INFO] [stdout]   |                        |       no `StateMachine` in `controller::private`
[INFO] [stdout]   |                        |       help: a similar name exists in the module: `statemachine`
[INFO] [stdout]   |                        no `Events` in `controller::private`
[INFO] [stdout] 
[INFO] [stdout] 
[INFO] [stdout] error[E0433]: failed to resolve: could not find `States` in `private`
[INFO] [stdout]   --> src/controller.rs:47:22
[INFO] [stdout]    |
[INFO] [stdout] 47 |             private::States::Off(state_data) => state_data.borrow().destination_color_reached(),
[INFO] [stdout]    |                      ^^^^^^ could not find `States` in `private`
[INFO] [stdout] 
[INFO] [stdout] 
[INFO] [stdout] error[E0405]: cannot find trait `StateMachineContext` in this scope
[INFO] [stdout]    --> src/controller.rs:197:15
[INFO] [stdout]     |
[INFO] [stdout] 197 |     impl<LED> StateMachineContext for Context<LED>
[INFO] [stdout]     |               ^^^^^^^^^^^^^^^^^^^ not found in this scope
[INFO] [stdout] 
[INFO] [stdout] 
[INFO] [stdout] error: aborting due to 4 previous errors
[INFO] [stdout] 
[INFO] [stdout] 
[INFO] [stdout] Some errors have detailed explanations: E0405, E0432, E0433.
[INFO] [stdout] 
[INFO] [stdout] For more information about an error, try `rustc --explain E0405`.
[INFO] [stdout] 
[INFO] [stderr] error: could not compile `night-light`
[INFO] [stderr] 
[INFO] [stderr] To learn more, run the command again with --verbose.
[INFO] [stderr] warning: build failed, waiting for other jobs to finish...
[INFO] [stderr] error: build failed
[INFO] running `Command { std: "docker" "inspect" "389f5caf5d0481016a82d718463086368fbd319ac2a85c30f4fe2c0bbc4f85ab", kill_on_drop: false }`
[INFO] running `Command { std: "docker" "rm" "-f" "389f5caf5d0481016a82d718463086368fbd319ac2a85c30f4fe2c0bbc4f85ab", kill_on_drop: false }`
[INFO] [stdout] 389f5caf5d0481016a82d718463086368fbd319ac2a85c30f4fe2c0bbc4f85ab
